 remainder when 72636444 is divided by 25.
19
What is the remainder when 525284 is divided by 12206?
426
What is the remainder when 51475330 is divided by 87?
40
What is the remainder when 6517556 is divided by 110467?
3
Calculate the remainder when 1837478 is divided by 1305.
38
What is the remainder when 2501720 is divided by 1250856?
8
Calculate the remainder when 14550462 is divided by 2978.
2932
What is the remainder when 567361 is divided by 168?
25
What is the remainder when 16884823 is divided by 15?
13
What is the remainder when 60832 is divided by 645?
202
Calculate the remainder when 20660103 is divided by 4826.
4823
What is the remainder when 1681312 is divided by 420317?
44
Calculate the remainder when 35373735 is divided by 48994.
67
What is the remainder when 6058504 is divided by 1700?
1404
What is the remainder when 2246120 is divided by 7487?
20
Calculate the remainder when 559451 is divided by 19979.
39
Calculate the remainder when 11696065 is divided by 3826.
3809
What is the remainder when 509108 is divided by 56566?
14
What is the remainder when 35782 is divided by 588?
502
What is the remainder when 2109176 is divided by 117176?
8
What is the remainder when 2379245 is divided by 2379230?
15
What is the remainder when 2616 is divided by 2606?
10
Calculate the remainder when 227056 is divided by 1493.
120
Calculate the remainder when 740291 is divided by 516.
347
Calculate the remainder when 169108 is divided by 16899.
118
What is the remainder when 229787 is divided by 28696?
219
What is the remainder when 453101 is divided by 90602?
91
What is the remainder when 415110 is divided by 207530?
50
What is the remainder when 805829 is divided by 6198?
89
What is the remainder when 107235 is divided by 35593?
456
Calculate the remainder when 71706411 is divided by 29.
25
What is the remainder when 11959358 is divided by 760?
758
Calculate the remainder when 8242431 is divided by 551.
22
Calculate the remainder when 324376108 is divided by 7433.
7421
What is the remainder when 136875 is divided by 19522?
221
What is the remainder when 58617823 is divided by 80?
63
What is the remainder when 62841811 is divided by 62841797?
14
What is the remainder when 1687023 is divided by 53?
33
Calculate the remainder when 95938317 is divided by 16.
13
Calculate the remainder when 78826 is divided by 948.
142
Calculate the remainder when 105936 is divided by 52828.
280
Calculate the remainder when 492318 is divided by 7348.
2
Calculate the remainder when 117495982 is divided by 92.
22
What is the remainder when 896318 is divided by 35?
3
What is the remainder when 673860 is divided by 32?
4
What is the remainder when 97600 is divided by 18938?
2910
Calculate the remainder when 185790465 is divided by 2048.
1
Calculate the remainder when 399628 is divided by 99871.
144
What is the remainder when 125212419 is divided by 2620?
2619
Calculate the remainder when 847782 is divided by 5201.
19
Calculate the remainder when 591350 is divided by 196818.
896
What is the remainder when 918784 is divided by 69?
49
Calculate the remainder when 130284 is divided by 6848.
172
Calculate the remainder when 386551 is divided by 577.
538
Calculate the remainder when 303085 is divided by 27544.
101
What is the remainder when 31073 is divided by 30963?
110
Calculate the remainder when 2355470 is divided by 979.
975
What is the remainder when 701422 is divided by 592?
494
Calculate the remainder when 13595336 is divided by 220.
216
Calculate the remainder when 119928 is divided by 2998.
8
Calculate the remainder when 125690 is divided by 31315.
430
Calculate the remainder when 295704 is divided by 10553.
220
What is the remainder when 102774 is divided by 422?
228
Calculate the remainder when 17233056 is divided by 790.
786
Calculate the remainder when 255287 is divided by 63815.
27
What is the remainder when 3104133 is divided by 21?
18
Calculate the remainder when 47954915 is divided by 13.
8
What is the remainder when 1441928 is divided by 495?
488
Calculate the remainder when 663554913 is divided by 162.
159
Calculate the remainder when 1281389 is divided by 427088.
125
Calculate the remainder when 1642937 is divided by 29.
0
What is the remainder when 872279 is divided by 29075?
29
What is the remainder when 91011 is divided by 44729?
1553
What is the remainder when 232725 is divided by 4526?
1899
Calculate the remainder when 1316722 is divided by 307.
306
Calculate the remainder when 1429381 is divided by 3156.
2869
What is the remainder when 53658050 is divided by 28?
26
Calculate the remainder when 251001 is divided by 258.
225
What is the remainder when 231934 is divided by 231564?
370
Calculate the remainder when 3361169 is divided by 1119884.
1517
What is the remainder when 17973370 is divided by 8986679?
12
Calculate the remainder when 438303 is divided by 7685.
258
Calculate the remainder when 2554073 is divided by 217.
200
What is the remainder when 70551 is divided by 3117?
1977
Calculate the remainder when 18915081 is divided by 378.
339
What is the remainder when 359697 is divided by 568?
153
Calculate the remainder when 610124286 is divided by 128.
126
Calculate the remainder when 3706329 is divided by 21179.
4
Calculate the remainder when 50810 is divided by 452.
186
What is the remainder when 392461 is divided by 102?
67
Calculate the remainder when 1845841 is divided by 201.
58
Calculate the remainder when 2671214 is divided by 11.
7
What is the remainder when 61962 is divided by 1376?
42
What is the remainder when 1827103 is divided by 21751?
19
What is the remainder when 20864488 is divided by 30?
28
What is the remainder when 434015 is divided by 2092?
971
Calculate the remainder when 4255665 is divided by 4255657.
8
Calculate the remainder when 101841932 is divided by 9003.
8999
What is the remainder when 924721 is divided by 686?
679
What is the remainder when 68002688 is divided by 68002682?
6
What is the remainder when 8294402 is divided by 1184912?
18
What is the remainder when 4023210 is divided by 2360?
1770
Calculate the remainder when 5746589 is divided by 1329.
1322
Calculate the remainder when 1239676 is divided by 1748.
344
Calculate the remainder when 1922645 is divided by 1131.
1076
Calculate the remainder when 3329808 is divided by 65.
53
What is the remainder when 323859 is divided by 80913?
207
Calculate the remainder when 1704891 is divided by 568291.
18
Calculate the remainder when 1527431 is divided by 113.
10
Calculate the remainder when 2496111 is divided by 464.
255
Calculate the remainder when 2419433 is divided by 241941.
23
What is the remainder when 6590386 is divided by 157?
154
Calculate the remainder when 936639 is divided by 55.
44
What is the remainder when 22217854 is divided by 138?
130
What is the remainder when 13657336 is divided by 56435?
66
What is the remainder when 253980 is divided by 12693?
120
What is the remainder when 59169109 is divided by 31966?
43
Calculate the remainder when 13924466 is divided by 819086.
4
Calculate the remainder when 3827625 is divided by 639.
15
Calculate the remainder when 119030 is divided by 29673.
338
Calculate the remainder when 2617789 is divided by 6218.
11
Calculate the remainder when 63205467 is divided by 1620653.
0
Calculate the remainder when 220604 is divided by 1918.
34
What is the remainder when 39465919 is divided by 727?
724
What is the remainder when 60849207 is divided by 73?
57
Calculate the remainder when 35806 is divided by 644.
386
What is the remainder when 711910 is divided by 452?
10
Calculate the remainder when 5691734 is divided by 2845742.
250
What is the remainder when 961358 is divided by 7567?
349
What is the remainder when 3767706 is divided by 1828?
198
What is the remainder when 377745 is divided by 26977?
67
Calculate the remainder when 566090 is divided by 612.
602
What is the remainder when 6269 is divided by 4565?
1704
What is the remainder when 60787213 is divided by 1636?
1633
Calculate the remainder when 19061776 is divided by 224255.
101
What is the remainder when 2857072 is divided by 570?
232
What is the remainder when 10155108 is divided by 846259?
0
What is the remainder when 3353160 is divided by 4513?
1
What is the rem